 by b(y).
8
Let z be (-54)/(-10) - (-2)/(-5). Suppose -13 = z*y - 118. Let v(j) = 7*j - 1. Calculate the remainder when v(6) is divided by y.
20
Suppose u + 3*h = -4*u + 24, -u - h + 6 = 0. Suppose -p - u = -2*p. What is the remainder when 10 is divided by p?
1
Suppose 2*t + 2 = -4. Let k = t + 12. Suppose -3*m + k + 0 = 0. What is the remainder when m is divided by 2?
1
Suppose -d + 21 = 2*x, 0 = 5*d - 4*x - 3 - 46. What is the remainder when 36 is divided by d?
10
Let c = 100 - 34. Calculate the remainder when c is divided by 17.
15
Let x be 4/(5 - 1)*4. What is the remainder when 6/x*(-684)/(-27) is divided by 8?
6
What is the remainder when 203 is divided by ((-8)/12)/((-4)/246)?
39
Let m(j) = -8*j**3 - 2*j**2 + 2. What is the remainder when m(-1) is divided by ((-1)/(-2))/((-3)/(-18))?
2
Let v = 13 - 8. Suppose 5*c - 55 = 4*w, c - v*c + w = -44. What is the remainder when 30 is divided by c?
8
Suppose t - 14 = -2*c, 0 = 3*t - 4*t - 4. What is the remainder when 97 is divided by c?
7
Suppose 16 = -k - 3*k. Let t be ((-7)/k)/((-5)/(-20)). Suppose -4*f + 1 + t = 0. Calculate the remainder when 5 is divided by f.
1
Suppose -125 = -k - 0*k. Let p(v) = v**3 - 17*v**2 - 15*v - 22. What is the remainder when k is divided by p(18)?
29
Let j = 12 - 10. Suppose j*n - 12 = 2. What is the remainder when 12 is divided by n?
5
Let c(m) = 53*m + 7. Let x be c(-4). Let w = -112 - x. What is the remainder when w is divided by 32?
29
Let c = 1062 - 312. Let q = -14 + 24. What is the remainder when c/27 - 4/(-18) is divided by q?
8
Let w be -5 + 3 + 12/(-1). Let r = w + 21. Calculate the remainder when 27 is divided by r.
6
Let q = 15 - -2. Calculate the remainder when q is divided by 11.
6
Calculate the remainder when (-11025)/(-81) + (-3)/27 is divided by 23.
21
Let m = 15 - 2. Suppose 0 = w + c - 0*c - 54, -78 = -2*w + 4*c. Calculate the remainder when w is divided by m.
10
Suppose -8*a + 651 = -a. What is the remainder when a is divided by 47?
46
Calculate the remainder when 48 is divided by ((-2)/6)/(5/(-105)) - -3.
8
Calculate the remainder when 13 is divided by -4 + 4/(-12)*-33.
6
Let p = 1 - -1. Suppose 2*b - 4*u = 7 + 65, -155 = -5*b + 5*u. What is the remainder when b is divided by (p/6)/1*21?
5
Suppose 0 = -2*q - 3*x + 39, x - 27 - 28 = -3*q. What is the remainder when 125 is divided by q?
17
What is the remainder when 12 is divided by (-342)/(-95) - (-2)/5?
0
Suppose 0*f + 172 = 4*f. Suppose 2*v = -3*y + 16, 2*y = -4*v + f - 11. Let z(b) = -b**2 + 10*b - 6. Calculate the remainder when 29 is divided by z(v).
9
Suppose 4*u - u - 12 = 0. Suppose 0 = 5*l + 3*b - 42, l + u*l + 2*b = 38. Let p(o) = o**2 + 2*o - 5. Calculate the remainder when p(l) is divided by 11.
10
Let k = 0 + 3. Suppose 0 = k*g - g - 20. Calculate the remainder when g is divided by 6.
4
Let d(f) = 1 + 7*f**2 + 0*f - f - 3*f**2 - f. What is the remainder when d(2) is divided by 7?
6
Suppose 3*r = 279 + 102. What is the remainder when r is divided by 32?
31
Let s be (4/1)/((-2)/(-7)). Let q = s + 0. Suppose 0 = 6*f - f - 200. Calculate the remainder when f is divided by q.
12
What is the remainder when 9 is divided by 3 + -7 + (6 - -4)?
3
Suppose -20 - 32 = -4*v. What is the remainder when v is divided by (0/(-1) - -7) + 0?
6
Let v(h) = h**2 - 4*h. Let c(m) = -m + 1 - 2 + 3 + m**2 + 3. Calculate the remainder when v(6) is divided by c(0).
2
Suppose w - 6 = -3. Let d(r) = -1 + w - 3*r**2 + 8*r**2. What is the remainder when d(2) is divided by 12?
10
Suppose 1 = q - 3. Suppose -5*c + q*g = -6, 2*g - 10 = -4*c - 0*c. Calculate the remainder when 3 is divided by c.
1
Suppose -2*s - 3*f + 8*f = -43, 4*f - 157 = -5*s. Suppose 5*i + 0*t - t - 6 = 0, 0 = i - 4*t - 5. Calculate the remainder when s is divided by (-4)/(9/15 - i).
9
Let m = -107 - -117. Let v(r) = -4*r - 3. Calculate the remainder when v(-5) is divided by m.
7
Let b = 5 - -3. Let h = 46 + -31. Calculate the remainder when h is divided by b.
7
Suppose 0 = -23*u + 26*u - 36. What is the remainder when 71 is divided by u?
11
Let v(r) = -20*r**2 - 1. Let l be v(-2). Let q = -46 - l. What is the remainder when q is divided by 12?
11
Calculate the remainder when 25 is divided by (35/(-20))/(2/(-16)).
11
Let b = -3 + 5. Suppose -2*j + b = -2. Let z(g) = -g**3 - 3*g**2 + 3*g + 13. Calculate the remainder when z(-3) is divided by j.
0
Let b(k) = -k**2 - 12*k - 3. Let a be b(-12). Let t(p) = -9*p - 4. What is the remainder when 89 is divided by t(a)?
20
Let w = -6 - -5. What is the remainder when 14 is divided by (-15)/(-6)*(3 + w)?
4
Suppose -4*g - 3*q = -4*q - 73, 56 = 3*g - q. Calculate the remainder when 82 is divided by g.
14
Let p(x) = -2*x. Let z be p(-1). Suppose -i + z + 12 = 0. Suppose -4*c + 4*d = -32, -3*c - d + 31 = 7. What is the remainder when i is divided by c?
6
Let o = 283 + -88. Suppose -2*p + 3*t = p - o, -3*t + 155 = 2*p. What is the remainder when p is divided by 24?
22
Let m(x) = x**2 + x - 6. Calculate the remainder when 52 is divided by m(4).
10
Let o(f) = -27*f + 1. Calculate the remainder when 81 is divided by o(-1).
25
Let l be 3/(-1)*(-52)/3. What is the remainder when (15/(-10))/((-3)/l) is divided by (-4)/14 + 300/21?
12
Let w(r) = -8*r - 3. What is the remainder when w(-2) is divided by 4?
1
Let k = -129 + 181. Calculate the remainder when k is divided by 18.
16
Let a(s) = 10*s - 3. Let y be a(2). Suppose -2*m - y = -67. What is the remainder when 49 is divided by m?
24
Let v(x) = 3 + 3*x**2 - 5*x**2 + 0*x**2. Let g be v(-4). Let i = g - -41. Calculate the remainder when 34 is divided by i.
10
Suppose -14*y - 72 = -26*y. What is the remainder when y is divided by 4?
2
Suppose -2*w - 4*k = -20 - 10, 5*k + 22 = w. What is the remainder when 44 is divided by w?
10
Let v = -7 - -9. Suppose v*d - 13 = d. What is the remainder when 49 is divided by d?
10
Suppose n - 4*n = -60. Suppose -5*z + n = 0, -6*t = -4*t + 5*z - 32. Calculate the remainder when ((-4)/t)/((-2)/12) is divided by 2.
0
Let r = -11 - -11. Suppose r*p + 128 = 4*p. Calculate the remainder when p is divided by 11.
10
Let v = 1 - -1. Suppose 4*j + 3*s = v*s + 437, -2*j + s + 211 = 0. Suppose 111 = 4*d + 5*c, -3*c = 4*d + c - j. What is the remainder when d is divided by 13?
11
Let u = -78 + 89. What is the remainder when u is divided by 6?
5
Let d(a) = -a + a + 7 + a. Let p be d(-3). What is the remainder when 16 is divided by (12/(-10))/(p/(-30))?
7
Calculate the remainder when (1 + 2 + -24)*4/(-6) is divided by 4.
2
Suppose 3*d - d - 98 = -2*y, 2*y = -3*d + 146. Calculate the remainder when d is divided by 17.
14
Let a(g) = 12*g**2 - g - 1. Let n(u) = -u**2 - 4*u - 4. Let s be n(-3). Let c be a(s). Calculate the remainder when (-35)/(-3) - 8/c is divided by 6.
5
Suppose 3*k - 5*x = 34, -4*x = -2*k + 5 + 21. Suppose -11 = -k*w + 7. Let s(u) = -3*u + 1. What is the remainder when w is divided by s(-1)?
2
Let n be 18 + 2/(0 + -2). Suppose 6*j - 2*j + u - 49 = 0, 0 = 2*j + 3*u - n. Calculate the remainder when j is divided by 5.
3
Let o = -4 - -10. What is the remainder when 22 is divided by o?
4
Suppose 2*k + 120 = 4*n + 6*k, -87 = -3*n - 2*k. What is the remainder when 161 is divided by n?
26
Let f = -45 - -9. Let r = -25 - f. What is the remainder when 18 is divided by r?
7
Suppose -3*n + 18 = 3. Suppose n*s - 18 = -3. Suppose 0 = -s*t - 0*t + 18. Calculate the remainder when 17 is divided by t.
5
Let q = -189 + 63. What is the remainder when q/21*(-13)/2 is divided by (-30)/(10/(-4) - -1)?
19
Suppose m - r = 2, -4*m + 4*r = -6*m - 20. Let h be (-206)/(-4) - 7/14. What is the remainder when (20/(-15))/(m/h) is divided by 18?
16
Let a(m) = 4*m - 5. What is the remainder when a(21) is divided by 16?
15
Suppose -d - d - 30 = 0. Let l = -12 - d. What is the remainder when 7 is divided by l?
1
Suppose -m = -2*w - 15, -3*m + m + 31 = -3*w. Let q = m - -8. What is the remainder when q is divided by 9?
7
Let x(a) = a**2 + 3*a. Let w be x(-3). Suppose i + w = 2. Suppose i*g = -g + 15. What is the remainder when 9 is divided by g?
4
Let p(d) = -d + 3. Let j be p(-7). Suppose 0 = 3*o - j - 32. Calculate the remainder when 40 is divided by o.
12
What is the remainder when 21 is divided by ((-18)/(-27))/((-2)/(-18))?
3
Let v be (-4)/(-14) - 52/(-14). Sup